{"id":22,"date":"2016-09-16T14:45:22","date_gmt":"2016-09-16T14:45:22","guid":{"rendered":"http:\/\/www.glarnerkochbuch.ch\/?page_id=22"},"modified":"2025-01-17T05:41:21","modified_gmt":"2025-01-17T05:41:21","slug":"ueber-uns","status":"publish","type":"page","link":"https:\/\/www.glarnerkochbuch.ch\/?page_id=22","title":{"rendered":"\u00dcber uns"},"content":{"rendered":"<figure id=\"attachment_50\" aria-describedby=\"caption-attachment-50\" style=\"width: 150px\" class=\"wp-caption alignleft\"><img loading=\"lazy\" class=\"wp-image-50 size-thumbnail\" src=\"http:\/\/www.glarnerkochbuch.ch\/wp-content\/uploads\/2016\/09\/Lea_Schindler-150x150.jpg\" alt=\"Lea Schindler\" width=\"150\" height=\"150\" srcset=\"https:\/\/www.glarnerkochbuch.ch\/wp-content\/uploads\/2016\/09\/Lea_Schindler-150x150.jpg 150w, https:\/\/www.glarnerkochbuch.ch\/wp-content\/uploads\/2016\/09\/Lea_Schindler-300x300.jpg 300w, https:\/\/www.glarnerkochbuch.ch\/wp-content\/uploads\/2016\/09\/Lea_Schindler.jpg 480w\" sizes=\"(max-width: 150px) 85vw, 150px\" \/><figcaption id=\"caption-attachment-50\" class=\"wp-caption-text\">Lea Schindler<\/figcaption><\/figure>\n<figure id=\"attachment_48\" aria-describedby=\"caption-attachment-48\" style=\"width: 150px\" class=\"wp-caption alignleft\"><img loading=\"lazy\" class=\"wp-image-48 size-thumbnail\" src=\"http:\/\/www.glarnerkochbuch.ch\/wp-content\/uploads\/2016\/09\/Christa_Pellicciotta-150x150.jpg\" alt=\"christa_pellicciotta\" width=\"150\" height=\"150\" srcset=\"https:\/\/www.glarnerkochbuch.ch\/wp-content\/uploads\/2016\/09\/Christa_Pellicciotta-150x150.jpg 150w, https:\/\/www.glarnerkochbuch.ch\/wp-content\/uploads\/2016\/09\/Christa_Pellicciotta-300x300.jpg 300w, https:\/\/www.glarnerkochbuch.ch\/wp-content\/uploads\/2016\/09\/Christa_Pellicciotta.jpg 481w\" sizes=\"(max-width: 150px) 85vw, 150px\" \/><figcaption id=\"caption-attachment-48\" class=\"wp-caption-text\">Christa Pellicciotta<\/figcaption><\/figure>\n<figure id=\"attachment_138\" aria-describedby=\"caption-attachment-138\" style=\"width: 150px\" class=\"wp-caption alignleft\"><img loading=\"lazy\" class=\"wp-image-138 size-thumbnail\" src=\"http:\/\/www.glarnerkochbuch.ch\/wp-content\/uploads\/2016\/09\/Gabriele_Glarnerkochbuch-150x150.jpg\" alt=\"Gabriele Pellicciotta\" width=\"150\" height=\"150\" \/><figcaption id=\"caption-attachment-138\" class=\"wp-caption-text\">Gabriele Pellicciotta<\/figcaption><\/figure>\n<p>Lea Schindler ist selbstst\u00e4ndige Grafikerin, besitzt eine Catering-Firma und hat bereits 3 Kochb\u00fccher geschrieben.<\/p>\n<p>Christa und Gabriele Pellicciotta:<br \/>\nDie <a href=\"http:\/\/www.wortreich-glarus.ch\">Buchhandlung Wortreich in Glarus <\/a>wird gef\u00fchrt von Christa Pellicciotta. Zusammen mit Gabriele organisieren sie als <a href=\"http:\/\/www.kulturbuchhandlung.ch\">Kulturbuchhandlung Wortreich <\/a>ein umfangreiches und vielseitiges Veranstaltungsprogramm. Fr\u00fcher arbeiteten sie als K\u00e4ser auf verschiedenen Schweizer Alpen. Ausserdem sind sie begeisterte Glarner Einwohner, kochen und essen gerne und gut.<br \/>\nDie Realisierung dieses Projekts liegt ihnen schon lange am Herzen \u2026<\/p>\n<p><strong>Redaktion \u00abT\u00f6pfe &amp; K\u00f6pfe im Glarnerland\u00bb<\/strong><br \/>\nChrista Pellicciotta,<br \/>\nPostfach 914, 8750 Glarus<br \/>\n<a href=\"mailto:info@glarnerkochbuch.ch\"><u>info@glarnerkochbuch.ch<\/u><\/a><br \/>\n055 650 25 35<\/p>\n","protected":false},"excerpt":{"rendered":"<p>Lea Schindler ist selbstst\u00e4ndige Grafikerin, besitzt eine Catering-Firma und hat bereits 3 Kochb\u00fccher geschrieben. Christa und Gabriele Pellicciotta: Die Buchhandlung Wortreich in Glarus wird gef\u00fchrt von Christa Pellicciotta. Zusammen mit Gabriele organisieren sie als Kulturbuchhandlung Wortreich ein umfangreiches und vielseitiges Veranstaltungsprogramm. Fr\u00fcher arbeiteten sie als K\u00e4ser auf verschiedenen Schweizer Alpen. Ausserdem sind sie begeisterte Glarner &hellip; <a href=\"https:\/\/www.glarnerkochbuch.ch\/?page_id=22\" class=\"more-link\"><span class=\"screen-reader-text\">&#8222;\u00dcber uns&#8220; <\/span>weiterlesen<\/a><\/p>\n","protected":false},"author":1,"featured_media":0,"parent":15,"menu_order":0,"comment_status":"closed","ping_status":"closed","template":"","meta":[],"yoast_head":"<!-- This site is optimized with the Yoast SEO plugin v19.6 - https:\/\/yoast.com\/wordpress\/plugins\/seo\/ -->\n<title>\u00dcber uns - T&ouml;pfe &amp; K&ouml;pfe<\/title>\n<meta name=\"robots\" content=\"index, follow, max-snippet:-1, max-image-preview:large, max-video-preview:-1\" \/>\n<link rel=\"canonical\" href=\"https:\/\/www.glarnerkochbuch.ch\/?page_id=22\" \/>\n<meta property=\"og:locale\" content=\"de_DE\" \/>\n<meta property=\"og:type\" content=\"article\" \/>\n<meta property=\"og:title\" content=\"\u00dcber uns - T&ouml;pfe &amp; K&ouml;pfe\" \/>\n<meta property=\"og:description\" content=\"Lea Schindler ist selbstst\u00e4ndige Grafikerin, besitzt eine Catering-Firma und hat bereits 3 Kochb\u00fccher geschrieben. Christa und Gabriele Pellicciotta: Die Buchhandlung Wortreich in Glarus wird gef\u00fchrt von Christa Pellicciotta. Zusammen mit Gabriele organisieren sie als Kulturbuchhandlung Wortreich ein umfangreiches und vielseitiges Veranstaltungsprogramm. Fr\u00fcher arbeiteten sie als K\u00e4ser auf verschiedenen Schweizer Alpen. Ausserdem sind sie begeisterte Glarner &hellip; &#8222;\u00dcber uns&#8220; weiterlesen\" \/>\n<meta property=\"og:url\" content=\"https:\/\/www.glarnerkochbuch.ch\/?page_id=22\" \/>\n<meta property=\"og:site_name\" content=\"T&ouml;pfe &amp; K&ouml;pfe\" \/>\n<meta property=\"article:publisher\" content=\"http:\/\/www.facebook.com\/glarnerkochbuch\" \/>\n<meta property=\"article:modified_time\" content=\"2025-01-17T05:41:21+00:00\" \/>\n<meta property=\"og:image\" content=\"http:\/\/www.glarnerkochbuch.ch\/wp-content\/uploads\/2016\/09\/Lea_Schindler-150x150.jpg\" \/>\n<meta name=\"twitter:card\" content=\"summary\" \/>\n<meta name=\"twitter:label1\" content=\"Gesch\u00e4tzte Lesezeit\" \/>\n\t<meta name=\"twitter:data1\" content=\"2 Minuten\" \/>\n<script type=\"application\/ld+json\" class=\"yoast-schema-graph\">{\"@context\":\"https:\/\/schema.org\",\"@graph\":[{\"@type\":\"WebPage\",\"@id\":\"https:\/\/www.glarnerkochbuch.ch\/?page_id=22\",\"url\":\"https:\/\/www.glarnerkochbuch.ch\/?page_id=22\",\"name\":\"\u00dcber uns - T&ouml;pfe &amp; K&ouml;pfe\",\"isPartOf\":{\"@id\":\"http:\/\/www.glarnerkochbuch.ch\/#website\"},\"datePublished\":\"2016-09-16T14:45:22+00:00\",\"dateModified\":\"2025-01-17T05:41:21+00:00\",\"breadcrumb\":{\"@id\":\"https:\/\/www.glarnerkochbuch.ch\/?page_id=22#breadcrumb\"},\"inLanguage\":\"de-DE\",\"potentialAction\":[{\"@type\":\"ReadAction\",\"target\":[\"https:\/\/www.glarnerkochbuch.ch\/?page_id=22\"]}]},{\"@type\":\"BreadcrumbList\",\"@id\":\"https:\/\/www.glarnerkochbuch.ch\/?page_id=22#breadcrumb\",\"itemListElement\":[{\"@type\":\"ListItem\",\"position\":1,\"name\":\"Startseite\",\"item\":\"http:\/\/www.glarnerkochbuch.ch\/\"},{\"@type\":\"ListItem\",\"position\":2,\"name\":\"Glarner Kochbuch\",\"item\":\"http:\/\/www.glarnerkochbuch.ch\/\"},{\"@type\":\"ListItem\",\"position\":3,\"name\":\"\u00dcber uns\"}]},{\"@type\":\"WebSite\",\"@id\":\"http:\/\/www.glarnerkochbuch.ch\/#website\",\"url\":\"http:\/\/www.glarnerkochbuch.ch\/\",\"name\":\"T&ouml;pfe &amp; K&ouml;pfe\",\"description\":\"Endlich wieder ein Glarner Kochbuch\",\"publisher\":{\"@id\":\"http:\/\/www.glarnerkochbuch.ch\/#organization\"},\"potentialAction\":[{\"@type\":\"SearchAction\",\"target\":{\"@type\":\"EntryPoint\",\"urlTemplate\":\"http:\/\/www.glarnerkochbuch.ch\/?s={search_term_string}\"},\"query-input\":\"required name=search_term_string\"}],\"inLanguage\":\"de-DE\"},{\"@type\":\"Organization\",\"@id\":\"http:\/\/www.glarnerkochbuch.ch\/#organization\",\"name\":\"Glarner Kochbuch\",\"url\":\"http:\/\/www.glarnerkochbuch.ch\/\",\"sameAs\":[\"https:\/\/www.youtube.com\/channel\/UCtMrYVFwDhQRwF58Rt8mKUA\",\"http:\/\/www.facebook.com\/glarnerkochbuch\"],\"logo\":{\"@type\":\"ImageObject\",\"inLanguage\":\"de-DE\",\"@id\":\"http:\/\/www.glarnerkochbuch.ch\/#\/schema\/logo\/image\/\",\"url\":\"https:\/\/www.glarnerkochbuch.ch\/wp-content\/uploads\/2016\/09\/cropped-Toepfe_und_koepfe_logo.png\",\"contentUrl\":\"https:\/\/www.glarnerkochbuch.ch\/wp-content\/uploads\/2016\/09\/cropped-Toepfe_und_koepfe_logo.png\",\"width\":512,\"height\":512,\"caption\":\"Glarner Kochbuch\"},\"image\":{\"@id\":\"http:\/\/www.glarnerkochbuch.ch\/#\/schema\/logo\/image\/\"}}]}<\/script>\n<!-- \/ Yoast SEO plugin. -->","yoast_head_json":{"title":"\u00dcber uns - T&ouml;pfe &amp; K&ouml;pfe","robots":{"index":"index","follow":"follow","max-snippet":"max-snippet:-1","max-image-preview":"max-image-preview:large","max-video-preview":"max-video-preview:-1"},"canonical":"https:\/\/www.glarnerkochbuch.ch\/?page_id=22","og_locale":"de_DE","og_type":"article","og_title":"\u00dcber uns - T&ouml;pfe &amp; K&ouml;pfe","og_description":"Lea Schindler ist selbstst\u00e4ndige Grafikerin, besitzt eine Catering-Firma und hat bereits 3 Kochb\u00fccher geschrieben. Christa und Gabriele Pellicciotta: Die Buchhandlung Wortreich in Glarus wird gef\u00fchrt von Christa Pellicciotta. Zusammen mit Gabriele organisieren sie als Kulturbuchhandlung Wortreich ein umfangreiches und vielseitiges Veranstaltungsprogramm. Fr\u00fcher arbeiteten sie als K\u00e4ser auf verschiedenen Schweizer Alpen. Ausserdem sind sie begeisterte Glarner &hellip; &#8222;\u00dcber uns&#8220; weiterlesen","og_url":"https:\/\/www.glarnerkochbuch.ch\/?page_id=22","og_site_name":"T&ouml;pfe &amp; K&ouml;pfe","article_publisher":"http:\/\/www.facebook.com\/glarnerkochbuch","article_modified_time":"2025-01-17T05:41:21+00:00","og_image":[{"url":"http:\/\/www.glarnerkochbuch.ch\/wp-content\/uploads\/2016\/09\/Lea_Schindler-150x150.jpg"}],"twitter_card":"summary","twitter_misc":{"Gesch\u00e4tzte Lesezeit":"2 Minuten"},"schema":{"@context":"https:\/\/schema.org","@graph":[{"@type":"WebPage","@id":"https:\/\/www.glarnerkochbuch.ch\/?page_id=22","url":"https:\/\/www.glarnerkochbuch.ch\/?page_id=22","name":"\u00dcber uns - T&ouml;pfe &amp; K&ouml;pfe","isPartOf":{"@id":"http:\/\/www.glarnerkochbuch.ch\/#website"},"datePublished":"2016-09-16T14:45:22+00:00","dateModified":"2025-01-17T05:41:21+00:00","breadcrumb":{"@id":"https:\/\/www.glarnerkochbuch.ch\/?page_id=22#breadcrumb"},"inLanguage":"de-DE","potentialAction":[{"@type":"ReadAction","target":["https:\/\/www.glarnerkochbuch.ch\/?page_id=22"]}]},{"@type":"BreadcrumbList","@id":"https:\/\/www.glarnerkochbuch.ch\/?page_id=22#breadcrumb","itemListElement":[{"@type":"ListItem","position":1,"name":"Startseite","item":"http:\/\/www.glarnerkochbuch.ch\/"},{"@type":"ListItem","position":2,"name":"Glarner Kochbuch","item":"http:\/\/www.glarnerkochbuch.ch\/"},{"@type":"ListItem","position":3,"name":"\u00dcber uns"}]},{"@type":"WebSite","@id":"http:\/\/www.glarnerkochbuch.ch\/#website","url":"http:\/\/www.glarnerkochbuch.ch\/","name":"T&ouml;pfe &amp; K&ouml;pfe","description":"Endlich wieder ein Glarner Kochbuch","publisher":{"@id":"http:\/\/www.glarnerkochbuch.ch\/#organization"},"potentialAction":[{"@type":"SearchAction","target":{"@type":"EntryPoint","urlTemplate":"http:\/\/www.glarnerkochbuch.ch\/?s={search_term_string}"},"query-input":"required name=search_term_string"}],"inLanguage":"de-DE"},{"@type":"Organization","@id":"http:\/\/www.glarnerkochbuch.ch\/#organization","name":"Glarner Kochbuch","url":"http:\/\/www.glarnerkochbuch.ch\/","sameAs":["https:\/\/www.youtube.com\/channel\/UCtMrYVFwDhQRwF58Rt8mKUA","http:\/\/www.facebook.com\/glarnerkochbuch"],"logo":{"@type":"ImageObject","inLanguage":"de-DE","@id":"http:\/\/www.glarnerkochbuch.ch\/#\/schema\/logo\/image\/","url":"https:\/\/www.glarnerkochbuch.ch\/wp-content\/uploads\/2016\/09\/cropped-Toepfe_und_koepfe_logo.png","contentUrl":"https:\/\/www.glarnerkochbuch.ch\/wp-content\/uploads\/2016\/09\/cropped-Toepfe_und_koepfe_logo.png","width":512,"height":512,"caption":"Glarner Kochbuch"},"image":{"@id":"http:\/\/www.glarnerkochbuch.ch\/#\/schema\/logo\/image\/"}}]}},"_links":{"self":[{"href":"https:\/\/www.glarnerkochbuch.ch\/index.php?rest_route=\/wp\/v2\/pages\/22"}],"collection":[{"href":"https:\/\/www.glarnerkochbuch.ch\/index.php?rest_route=\/wp\/v2\/pages"}],"about":[{"href":"https:\/\/www.glarnerkochbuch.ch\/index.php?rest_route=\/wp\/v2\/types\/page"}],"author":[{"embeddable":true,"href":"https:\/\/www.glarnerkochbuch.ch\/index.php?rest_route=\/wp\/v2\/users\/1"}],"replies":[{"embeddable":true,"href":"https:\/\/www.glarnerkochbuch.ch\/index.php?rest_route=%2Fwp%2Fv2%2Fcomments&post=22"}],"version-history":[{"count":10,"href":"https:\/\/www.glarnerkochbuch.ch\/index.php?rest_route=\/wp\/v2\/pages\/22\/revisions"}],"predecessor-version":[{"id":430,"href":"https:\/\/www.glarnerkochbuch.ch\/index.php?rest_route=\/wp\/v2\/pages\/22\/revisions\/430"}],"up":[{"embeddable":true,"href":"https:\/\/www.glarnerkochbuch.ch\/index.php?rest_route=\/wp\/v2\/pages\/15"}],"wp:attachment":[{"href":"https:\/\/www.glarnerkochbuch.ch\/index.php?rest_route=%2Fwp%2Fv2%2Fmedia&parent=22"}],"curies":[{"name":"wp","href":"https:\/\/api.w.org\/{rel}","templated":true}]}}